1183 a factor of 5580211?
True
Is 1448 a factor of 5418416?
True
Is 97 a factor of 5913508?
True
Is 62688 a multiple of 6?
True
Is 651232 a multiple of 433?
True
Is 219700 a multiple of 169?
True
Is 13 a factor of 159267?
False
Is 4992638 a multiple of 14?
True
Is 12 a factor of 4542491?
False
Does 771 divide 709320?
True
Is 12 a factor of 43092?
True
Does 17 divide 44126?
False
Is 2030115 a multiple of 5?
True
Is 45 a factor of 1450845?
True
Is 6090040 a multiple of 41?
False
Does 79 divide 11427462?
False
Is 833260 a multiple of 305?
True
Is 173 a factor of 56398?
True
Is 3260752 a multiple of 180?
False
Does 10 divide 1900918?
False
Is 5 a factor of 1158844?
False
Is 212 a factor of 8900184?
True
Does 753 divide 1196517?
True
Is 2343660 a multiple of 335?
True
Is 872187 a multiple of 436?
False
Is 201 a factor of 7084435?
False
Is 20 a factor of 316206?
False
Does 84 divide 20244?
True
Does 11 divide 4402016?
False
Is 1717722 even?
True
Does 10 divide 850620?
True
Is 843688 a multiple of 174?
False
Is 293601 a multiple of 20?
False
Is 9 a factor of 376473?
False
Is 30918679 a multiple of 18?
False
Does 31 divide 54994?
True
Is 81 a factor of 89593?
False
Is 188 a factor of 6392?
True
Is 145 a factor of 1451305?
True
Does 309 divide 6824?
False
Is 7330560 a multiple of 1328?
True
Does 23 divide 239559?
False
Is 284634 a multiple of 126?
True
Is 29 a factor of 727668?
True
Does 35 divide 11235?
True
Does 57 divide 274617?
False
Is 6698520 a multiple of 3?
True
Is 290700 a multiple of 34?
True
Does 100 divide 30600?
True
Is 10 a factor of 372770?
True
Is 1245563 a multiple of 11?
True
Is 1494421 a multiple of 36?
False
Does 13 divide 1522729?
True
Is 118249 a multiple of 17?
False
Is 80 a factor of 1940628?
False
Is 7295930 a multiple of 672?
False
Does 13 divide 8168254?
False
Does 94 divide 13543520?
True
Does 19 divide 2357907?
False
Does 1078 divide 2505766?
False
Is 246 a factor of 3477948?
True
Is 52 a factor of 748124?
True
Is 697 a factor of 3350479?
True
Is 5846 a multiple of 79?
True
Does 209 divide 164824?
False
Does 27 divide 102644?
False
Does 25 divide 11684750?
True
Is 5150894 a multiple of 14?
True
Does 165 divide 7094670?
True
Does 8 divide 34875?
False
Is 1383275 a multiple of 21?
False
Does 391 divide 10142931?
True
Is 8 a factor of 875?
False
Is 371924 a multiple of 47?
False
Is 15598 a multiple of 11?
True
Is 9686366 a multiple of 617?
False
Does 58 divide 1999944?
False
Does 16 divide 1228320?
True
Does 312 divide 59381?
False
Does 2 divide 22128?
True
Is 18 a factor of 246840?
False
Is 522234 a multiple of 1018?
True
Does 298 divide 1603?
False
Is 15 a factor of 716700?
True
Is 2 a factor of 233005?
False
Is 1278712 a multiple of 71?
False
Does 82 divide 917334?
True
Is 8253440 a multiple of 104?
True
Is 568449 a multiple of 15?
False
Is 1482751 a multiple of 219?
False
Is 3380200 a multiple of 20?
True
Does 6 divide 10757515?
False
Is 348 a factor of 200720?
False
Is 20199 a multiple of 58?
False
Does 27 divide 92224?
False
Is 108 a factor of 520998?
False
Is 14070033 a multiple of 451?
False
Is 32 a factor of 1370784?
True
Does 14 divide 10984554?
True
Does 229 divide 9352059?
False
Does 49 divide 7242200?
True
Is 3976987 a multiple of 510?
False
Is 13 a factor of 5074457?
False
Is 243 a factor of 8218017?
True
Is 11772 a multiple of 4?
True
Is 5352322 a multiple of 4?
False
Does 4 divide 1043897?
False
Does 44 divide 8450640?
True
Is 77 a factor of 152383?
True
Is 100584 a multiple of 132?
True
Does 35 divide 264670?
True
Is 235 a factor of 1620090?
True
Is 19 a factor of 5567057?
True
Is 1510930 a multiple of 156?
False
Does 143 divide 1025453?
True
Is 15 a factor of 940485?
True
Is 138410 a multiple of 10?
True
Is 298 a factor of 1272162?
True
Is 5266560 a multiple of 422?
True
Is 776875 a multiple of 120?
False
Is 3 a factor of 2553173?
False
Is 47304 a multiple of 76?
False
Is 400627 a multiple of 35?
False
Is 2755683 a multiple of 279?
True
Is 4 a factor of 70303?
False
Does 12 divide 75345?
False
Is 296555 a multiple of 6?
False
Does 155 divide 67244?
False
Is 98890 a multiple of 10?
True
Is 32 a factor of 3686155?
False
Is 15 a factor of 458685?
True
Does 6 divide 4562862?
True
Is 60730 a multiple of 27?
False
Does 128 divide 1706112?
True
Is 145714 a multiple of 41?
True
Does 11 divide 107927?
False
Is 33422 a multiple of 114?
False
Is 249 a factor of 7475309?
False
Is 16 a factor of 76581?
False
Is 72 a factor of 338544?
True
Is 1604824 a multiple of 676?
True
Is 20 a factor of 8855591?
False
Is 128 a factor of 437222?
False
Is 36 a factor of 199568?
False
Does 17 divide 6096933?
False
Is 1668656 a multiple of 176?
True
Is 2287656 a multiple of 356?
True
Is 99 a factor of 810616?
False
Does 738 divide 2082636?
True
Is 526315 a multiple of 43?
False
Is 46 a factor of 1066993?
False
Does 60 divide 30478?
False
Does 28 divide 2627688?
True
Is 49 a factor of 7441?
False
Is 445 a factor of 609619?
False
Is 24 a factor of 1787894?
False
Does 255 divide 6120?
True
Is 16 a factor of 307424?
True
Is 247191 a multiple of 40?
False
Does 227 divide 1112300?
True
Is 119120 a multiple of 40?
True
Is 25 a factor of 456825?
True
Does 9 divide 525483?
True
Is 234 a factor of 2422441?
False
Is 36 a factor of 7153776?
True
Is 4270830 a multiple of 13?
False
Does 2 divide 138324?
True
Does 336 divide 294751?
False
Does 22 divide 3557377?
False
Is 32 a factor of 20026?
False
Is 386 a factor of 10952364?
True
Is 252909 a multiple of 261?
True
Is 1027 a factor of 6080867?
True
Is 155 a factor of 182942?
False
Is 80628 a multiple of 182?
False
Is 9 a factor of 2428776?
True
Is 19 a factor of 6707?
True
Does 9 divide 192415?
False
Does 38 divide 274479?
False
Is 217624 a multiple of 22?
True
Is 233172 a multiple of 57?
False
Is 616140 a multiple of 420?
True
Does 64 divide 2805952?
True
Does 214 divide 256586?
True
Does 7 divide 1822814?
True
Is 26136846 a multiple of 132?
False
Is 227756 a multiple of 19?
False
Does 61 divide 95818?
False
Is 141 a factor of 93624?
True
Does 37 divide 12174619?
False
Is 7 a factor of 657797?
True
Does 13 divide 160387?
False
Does 40 divide 432028?
False
Is 6422125 a multiple of 25?
True
Is 3466428 a multiple of 24?
False
Does 6 divide 213620?
False
Does 82 divide 377118?
True
Is 196 a factor of 21590772?
True
Is 239 a factor of 6374847?
True
Is 3938605 a multiple of 9?
False
Is 180 a factor of 3068382?
False
Is 19 a factor of 14363734?
True
Is 11279552 a multiple of 15?
False
Does 157 divide 324637?
False
Is 13 a factor of 46358?
True
Does 126 divide 1330512?
False
Does 858 divide 375549?
False
Is 36 a factor of 1175904?
True
Does 42 divide 50405?
False
Is 6732 a multiple of 153?
True
Does 129 divide 4777659?
False
Is 41 a factor of 674081?
True
Does 16 divide 111152?
True
Is 1351283 a multiple of 41?
False
Is 503 a factor of 33255404?
False
Does 51 divide 516273?
True
Does 28 divide 384759?
False
Is 31544 a multiple of 2?
True
Is 267303 a multiple of 567?
False
Does 105 divide 193904?
False
Does 73 divide 2536239?
True
Does 210 divide 148470?
True
Is 12 a factor of 309385?
False
Does 46 divide 5506662?
False
Is 912524 a multiple of 46?
False
Is 5536674 a multiple of 59?
False
Is 14 a factor of 13753369?
False
Is 8 a factor of 1244623?
False
Does 3 divide 248307?
True
Does 1289 divide 415058?
True
Is 142984 a multiple of 61?
True
Is 1025959 a multiple of 139?
True
Is 425006 a multiple of 41?
True
Is 349 a factor of 150419?
True
Is 25 a factor of 26588050?
True
Does 5 divide 21471?
False
Does 627 divide 4963372?
False
Is 95760 a multiple of 95?
True
Is 52 a factor of 66481?
False
Is 1243346 a multiple of 17?
True
Is 2839592 a multiple of 656?
False
Is 5578686 a multiple of 927?
True
Does 141 divide 1212036?
True
Is 498386 a multiple of 46?
False
Does 26 divide 17290?
True
Does 56 divide 897288?
True
Is 27255 a multiple of 21?
False
Does 9 divide 14250?
False
Does 49 divide 514787?
False
Is 1648774 a multiple of 82?
True
Does 61 divide 2367466?
False
Is 59 a factor of 377187?
True
Is 40 a factor of 223480?
True
Does 77 divide 253869?
True
Is 1135854 a multiple of 808?
False
Is 10 a factor of 9957163?
False
Does 394 divide 1020854?
True
Does 206 divide 154584?
False
Does 1303 divide 3984248?
False
